{"id":9554,"date":"2020-11-11T13:05:19","date_gmt":"2020-11-11T12:05:19","guid":{"rendered":"http:\/\/www.katzen.de\/magazin\/?page_id=9554"},"modified":"2020-11-11T13:34:01","modified_gmt":"2020-11-11T12:34:01","slug":"der-grosse-katzen-de-adventskalender-2020","status":"publish","type":"page","link":"https:\/\/www.katzen.de\/magazin\/der-grosse-katzen-de-adventskalender-2020\/","title":{"rendered":"Der gro\u00dfe katzen.de-Adventskalender 2020"},"content":{"rendered":"<p><img decoding=\"async\" class=\"alignleft wp-image-9555 size-full\" src=\"https:\/\/www.katzen.de\/magazin\/wp-content\/uploads\/2020\/11\/uebersicht_katzen.jpg\" alt=\"Der gro\u00dfe katzen.de-Adventskalender 2020\" width=\"1230\" height=\"724\" usemap=\"#adventskalender2020\" srcset=\"https:\/\/www.katzen.de\/magazin\/wp-content\/uploads\/2020\/11\/uebersicht_katzen.jpg 1230w, https:\/\/www.katzen.de\/magazin\/wp-content\/uploads\/2020\/11\/uebersicht_katzen-400x235.jpg 400w, https:\/\/www.katzen.de\/magazin\/wp-content\/uploads\/2020\/11\/uebersicht_katzen-1200x706.jpg 1200w, https:\/\/www.katzen.de\/magazin\/wp-content\/uploads\/2020\/11\/uebersicht_katzen-768x452.jpg 768w\" sizes=\"(max-width: 1230px) 100vw, 1230px\" \/><br \/>\nIn unserem Adventskalender \u00f6ffnen wir jeden Tag vom 1. bis zum 24. Dezember ein Tu\u0308rchen. Es warten t\u00e4glich neue Gewinne auf euch &#8211; vom Kratzbrett oder dem Leinwandbild \u00fcber Futterpakete und B\u00fccher rund um die Samtpfoten.<\/p>\n<p>An jedem Gewinnspiel k\u00f6nnt ihr zwei Wochen lang teilnehmen. Und das ganz einfach: Tragt euch einfach in das Formular der Gewinnspielseite ein.<\/p>\n<p>Wir dr\u00fccken euch die Pfoten!<\/p>\n","protected":false},"excerpt":{"rendered":"<p>In unserem Adventskalender \u00f6ffnen wir jeden Tag vom 1. bis zum 24. Dezember ein Tu\u0308rchen. Es warten t\u00e4glich neue Gewinne auf euch &#8211; vom Kratzbrett oder dem Leinwandbild \u00fcber Futterpakete und B\u00fccher rund um die Samtpfoten. An jedem Gewinnspiel k\u00f6nnt ihr zwei Wochen lang teilnehmen. Und das ganz einfach: Tragt euch einfach in das Formular&hellip;<\/p>\n","protected":false},"author":1,"featured_media":0,"parent":0,"menu_order":0,"comment_status":"closed","ping_status":"closed","template":"","meta":[],"tags":[827],"_links":{"self":[{"href":"https:\/\/www.katzen.de\/magazin\/wp-json\/wp\/v2\/pages\/9554"}],"collection":[{"href":"https:\/\/www.katzen.de\/magazin\/wp-json\/wp\/v2\/pages"}],"about":[{"href":"https:\/\/www.katzen.de\/magazin\/wp-json\/wp\/v2\/types\/page"}],"author":[{"embeddable":true,"href":"https:\/\/www.katzen.de\/magazin\/wp-json\/wp\/v2\/users\/1"}],"replies":[{"embeddable":true,"href":"https:\/\/www.katzen.de\/magazin\/wp-json\/wp\/v2\/comments?post=9554"}],"version-history":[{"count":3,"href":"https:\/\/www.katzen.de\/magazin\/wp-json\/wp\/v2\/pages\/9554\/revisions"}],"predecessor-version":[{"id":9558,"href":"https:\/\/www.katzen.de\/magazin\/wp-json\/wp\/v2\/pages\/9554\/revisions\/9558"}],"wp:attachment":[{"href":"https:\/\/www.katzen.de\/magazin\/wp-json\/wp\/v2\/media?parent=9554"}],"wp:term":[{"taxonomy":"post_tag","embeddable":true,"href":"https:\/\/www.katzen.de\/magazin\/wp-json\/wp\/v2\/tags?post=9554"}],"curies":[{"name":"wp","href":"https:\/\/api.w.org\/{rel}","templated":true}]}}